Let o = -11 - f. What is the units digit of o?
1
Let k be (12/8)/((-9)/(-24)). What is the tens digit of (k/(-5))/(18/(-495))?
2
Let t(x) = 15*x**3 - 1. What is the tens digit of t(1)?
1
Let n(y) = 6*y. Let d be n(-1). Let b = d - 38. What is the units digit of 4/6 - b/6?
8
Let f(w) = -2*w - 3. Let s = 0 - 1. Let h = s + -4. What is the units digit of f(h)?
7
What is the units digit of -7 + 3 + (-250)/(-5)?
6
Let n = 18 - 20. What is the tens digit of 35 - (3 - (n - -6))?
3
Let q = 4 + 2. Let p be 5 + (0/(-2))/2. Let o = q + p. What is the tens digit of o?
1
Let i be (-4)/(-2) + 0 + 0. Suppose 2*n - i = n. Suppose 3*t - 12 = n*u, 2*u + 12 = -2*u. What is the units digit of t?
2
Suppose -2*d - 2 + 6 = 0. Suppose -u = -2*k + 17, -d*k + 0*k + 11 = 5*u. What is the units digit of k?
8
Suppose 2*p = 6*r - 4*r - 104, 3*r - 152 = 4*p. What is the tens digit of r?
5
Let h(a) be the first derivative of a**2 + 2*a - 6. Suppose -4*o - 12 = -4*w, 2*o - 4 = -2*w + 2. What is the units digit of h(w)?
8
Let a be ((-8)/10)/(4/(-10)). Suppose -4*w = 2*l + 2*l + 52, 4 = -a*w. Let g = -3 - l. What is the units digit of g?
8
Let w(r) = -r**2 - 7*r + 7. What is the units digit of w(-6)?
3
What is the units digit of (-1 - -30) + (-6)/6?
8
Let s be 5/3 + (-3)/(-9). Suppose -d + 19 = -x + 3*d, -s*d = -10. What is the units digit of x?
1
Let h(p) = -p**3 + 5*p**2 + 6*p + 6. Let w(d) = d**2 + 2. Let g be w(-2). What is the units digit of h(g)?
6
Let g(d) = -d**2 + 14*d - 7. What is the tens digit of g(7)?
4
Let i(f) = -f**3 + 7*f**2 + 3*f - 8. Let d be i(6). Let n = d - 23. What is the tens digit of n?
2
Suppose -16 = -5*j + 9, 4*j - 25 = x. Let v = -1 - x. What is the units digit of v?
4
Let g(y) = -y**2 - 2*y + 168. What is the units digit of g(0)?
8
Let z be 5/(10/6) + -7. Let s(p) = -p**3 - 4*p**2 - 5*p - 5. What is the units digit of s(z)?
5
Suppose -5*l + 11 = j - 9, 3*l = -4*j + 12. Suppose 0 = c + 5*v - 2*v - 42, 114 = 2*c - l*v. What is the units digit of c?
1
Let o = -2 - 0. Let n be o/((-1)/4*2). Suppose 2*u + 1 = b + 8, 0 = -n*b + 2*u + 2. What is the units digit of b?
3
Let z(k) = -2*k**3 - 3*k**2 - k - 1. Let i = -4 + 2. What is the units digit of z(i)?
5
Let b(t) be the first derivative of t**2 - 12*t + 1. What is the units digit of b(8)?
4
Suppose 5*d = 7 + 3. Suppose -23 - 5 = -d*v. Suppose -3*l - v = -59. What is the units digit of l?
5
Suppose -2*n = 22 + 18. What is the units digit of (-155)/n + (-2)/(-8)?
8
What is the units digit of 73 - (2/10)/(4/20)?
2
Let x = 6 - 4. Let q(l) = -l + l**x + 5*l + 3*l**2 - 2*l**2. What is the units digit of q(-3)?
6
Let s = 4 - 0. Suppose s*k = 20, -n - 10 = k - 4*k. Suppose 2 + 3 = n*m. What is the units digit of m?
1
Let y(r) = r + 5. What is the units digit of y(4)?
9
Suppose 0 = a - 3*n - 20, -5*a - 2*n + 9 + 6 = 0. Suppose m - a*q - 28 = 0, 2*m - 3*q = 22 + 20. What is the tens digit of m?
1
Suppose u + 2*u - 12 = 0. Suppose u*x - 20 = -x. Suppose -17 = -x*z + 39. What is the units digit of z?
4
Let z = -38 - -155. What is the tens digit of z?
1
Let c be ((-1)/1)/(-2)*-6. Let w = c + 13. What is the tens digit of w?
1
Let g be (34/(-4))/((-2)/(-4)). Let q = g - -3. What is the units digit of -1 - 0 - (q - -2)?
1
Let t(r) = -r**2 - 11*r - 1. Let p be t(-8). Let v = 39 - p. What is the units digit of v?
6
Suppose -2*q - 16 = -4*q. Let f = q - 5. What is the units digit of f?
3
Suppose 2*k - 3*h - 141 = 0, -h - h = -k + 73. What is the tens digit of k?
6
Let o = 14 - 21. Let n = o + 11. Suppose 4*g = 5*l + n + 2, 0 = -g + 5*l - 6. What is the units digit of g?
4
Suppose -2 + 26 = 3*p. Let z be (-2 + p)/(3/2). Suppose -2*c = -6*a + a + 38, 2*a = -z*c + 20. What is the units digit of a?
8
Let t be 64/(-6)*(0 - 3). Suppose -t = -4*f - p - 11, 2*f + p - 13 = 0. What is the units digit of f?
4
Let d(s) = -2*s. Let g = -12 + 7. What is the units digit of d(g)?
0
Suppose -b - 4*b + 30 = 0. What is the tens digit of b/8 - (-345)/20?
1
Let z = 47 + -19. What is the units digit of z?
8
Suppose -5*c - 2*h = -0*h - 6, -4*h + 12 = -4*c. What is the units digit of 1 + 2 + c + 2?
5
Let j = 4 + -2. Suppose -3*b + j + 4 = 0. What is the units digit of b/((4 + 0)/2)?
1
Let a(d) = d**3 + 7*d**2 - 2*d - 8. Let f be a(-7). What is the tens digit of ((-48)/9)/((-1)/f)?
3
Let l(k) = 11*k**2 - 3*k - 31. Let y(d) = 7*d**2 - 2*d - 21. Let q(t) = 5*l(t) - 8*y(t). Let s be q(0). Suppose -3*a + s = 1. What is the units digit of a?
4
Suppose -3*b = -28 - 8. What is the units digit of 27/b + 15/20?
3
What is the tens digit of (-9)/(-3) - 71/(-1)?
7
What is the tens digit of -4 + 95 - (-3 - -5 - 1)?
9
Let p(d) = 7*d + 24. What is the units digit of p(17)?
3
Let n = -111 + 336. What is the tens digit of n?
2
Let q = 46 + -23. Suppose -5*l + 87 = -q. What is the units digit of l?
2
Suppose s + s = -10. Let q = s - -14. What is the units digit of q?
9
Suppose 334 = 5*q - i, -4*q + 164 + 120 = -5*i. What is the units digit of q?
6
Let w(o) = 10*o**2 + 6*o - 12. What is the units digit of w(3)?
6
Suppose -2*l + 19 - 5 = 0. What is the units digit of l?
7
Let o = 10 - 5. Let q = -4 + o. What is the units digit of (q + 5 - -2) + -1?
7
Let s(p) = -2*p - 9. Let n be s(-6). Suppose n = a - 2*q - 0, -q = 0. Suppose 3*h - 4*z = -0*h + 26, a*h = -5*z + 35. What is the tens digit of h?
1
Suppose 10 = 2*g, 4*g = 2*q - g - 111. What is the tens digit of q?
6
Suppose v + 6*x - 46 = x, 2*x = 2*v - 104. What is the units digit of v?
1
Suppose -r - 6*u + 10 = -u, 4*r + 3*u - 6 = 0. Suppose r = c + 2*c - 36. What is the units digit of c?
2
Suppose h + 5*a = 3 - 16, -2*a = 5*h - 4. What is the units digit of h/(-2)*(-18 - -2)?
6
Let f(l) = l**2 - 8*l + 4. Let a be f(8). What is the units digit of 1 - 1*(-3 - a)?
8
Let u(c) = -c**2 - 4*c + 1. Let j(i) = i**3 - 2*i**2 - 3*i + 1. Let z be j(3). Let x be z/((-14)/6 + 2). What is the units digit of u(x)?
4
Let n be (-4)/(-10)*(-3 - 7). Let m be 12/18 + n/6. Suppose -13 = -z - m*z. What is the tens digit of z?
1
Let x(c) = -c + 1. Let d be x(4). Let j(i) = -2*i + 0*i + 2 - 1. What is the units digit of j(d)?
7
Let v(i) = i**3 - 6*i**2 + 5*i - 1. Let g be v(4). Let n = g + 18. What is the units digit of n?
5
Let s(p) = 44*p**2 + p. Let m be s(1). Let j be -5*-3*6/m. Suppose 5*n - 2 = 2*l + 10, -4*n + 10 = -j*l. What is the units digit of n?
2
Suppose 4*c = 345 - 113. What is the tens digit of c?
5
Suppose 3*z + 17 = -5*n, 2*n = z - 0*n - 9. Suppose 4*g - 16 = -2*b, -7 = -4*g + z. Suppose -b*h = -w - 69, -5*h + w + w + 90 = 0. What is the tens digit of h?
1
Let c(p) = p**2 - 3*p - 5. Suppose 14 = 2*l - 7*l - 2*r, l - 4*r + 16 = 0. Let i be c(l). Suppose 3*x - i - 4 = 0. What is the units digit of x?
9
Let x = -64 + 106. What is the tens digit of x?
4
Suppose -4 = 4*s, -3*i + s = -2*s - 30. What is the units digit of (-2)/i + 76/18?
4
Suppose -2*t + 196 - 40 = k, t = -k + 78. What is the tens digit of t?
7
What is the hundreds digit of 2/(-9) + (-52275)/(-135)?
3
Suppose -3*t + 6 + 9 = 0. Let r = 11 - t. What is the units digit of r?
6
Suppose -5*y = -d + 42, y - 4*y = 3*d - 36. Let j = -11 + d. What is the units digit of j?
6
Suppose 9*w - 42 = 6*w. What is the tens digit of w?
1
Let m(l) be the first derivative of -2*l - 13 + 5 + 4 + 2*l**3 - l**2. What is the units digit of m(2)?
8
Suppose 42 = 5*s - 2*c, s + 2*c = -2*s + 22. Let b = -5 + s. What is the units digit of 27/b - 0/1?
9
What is the units digit of 2 + 7 + (-2 - 0)?
7
What is the tens digit of 63 - (-7)/((-28)/16)?
5
Let q = 7 - -10. What is the units digit of q?
7
Suppose -u - 5 = -2*u. Suppose 5 + 0 = u*y. What is the tens digit of (15 - (3 + -3)) + y?
1
Let r be (-1)/(1/9) - 1. Let l(w) = 23*w**2 - w - 1. Let f be l(-1). Let m = r + f. What is the units digit of m?
3
Suppose -2*g + 3*g = 4. Suppose 0 = g*i + 2*f - 18, i = -3*i - 3*f + 21. What is the units digit of i?
3
Suppose 0 = 3*i + 2*v + 4, -2*i - 4*v = 2*i + 4. Let a be i/8 + 9/4. Let q(b) = 3*b**2 - 4*b + 3. What is the units digit of q(a)?
7
What is the tens digit of (2/2)/((-1)/(-41))?
4
Let u = -3 + 79. Suppose 5*p - u = p. What is the tens digit of p?
1
Suppose 0 = 2*o - 2*n - 0*n - 30, -o + 4*n = -15. Let u = 0 + o. What is the tens digit of u?
1
Let y(s) = -s**2 + 4*s - 2. Let d be y(3). L